 of f?
2, 173
Let x(g) = -1345*g**3 - 2*g**2 - 4*g + 21. What are the prime factors of x(-3)?
2, 3, 5, 7, 173
Suppose m + 6 - 8 = 0. Suppose m*p = 4*p + 6. Let z(k) = -23*k + 3. List the prime factors of z(p).
2, 3
Let s = 200070 - 122668. What are the prime factors of s?
2, 13, 229
Suppose 53*m = 65*m + 118*m - 6208540. What are the prime factors of m?
2, 23879
Let s be 3 + (-18)/99 + (-93)/33. Suppose 5*u - 2058 = -s*y - 3*y, -3*u = -4*y - 1258. What are the prime factors of u?
2, 3, 23
Let c(n) = 134*n**2 + 22*n - 19. List the prime factors of c(8).
3, 41, 71
Let w(f) = -10*f**2 + 61*f + 1. Let r be w(6). Suppose -r*i = -2*i - 2850. List the prime factors of i.
2, 3, 5, 19
List the prime factors of (-19)/(304/(-92496)) - -14.
5, 19, 61
Suppose -5*c + 22 = 3*a, -4*a + 6*a = 4*c - 22. Suppose -c*g + m + 27 = 3*m, -2*g + 4*m + 30 = 0. Suppose 0 = -g*x + 790 + 162. List the prime factors of x.
2, 17
Let n = 237 - 298. Suppose 2*r + 148 = -0*r. Let c = n - r. List the prime factors of c.
13
Let z = -253 + 249. Let u(c) = -c**3 + 11*c**2 + 11*c + 17. Let m be u(12). What are the prime factors of (-340)/z*2/m?
2, 17
Let y be (2 + -1)/(((-14)/10)/(-7)). Suppose 5*r - 655 = -y*w, 4*w - 4*r = -0*r + 516. What are the prime factors of w?
2, 5, 13
Let k(j) = j + 12. Let m = 44 + -35. Suppose 5*r = l - 14, -l + m = -4*r + 2*l. List the prime factors of k(r).
3
Suppose -8*s = -3 - 29. Let j be 1/(-2) - (-27)/6. Suppose j*b + 146 = 5*w - 53, 0 = w + s*b - 35. List the prime factors of w.
3, 13
Let v(o) = -270*o + 1351. What are the prime factors of v(-29)?
9181
Let f = -43 + 45. Suppose -p = -5*x - 3*p, -f*x = -p. Suppose x = 36*q - 38*q + 192. List the prime factors of q.
2, 3
Let g(t) = 342*t**2 + 133*t - 654. List the prime factors of g(5).
7, 1223
List the prime factors of (-2)/1 - (65 + -63) - 12038/(-2).
3, 5, 401
Suppose 5*s - 689 = 3*w + w, -4*w - 659 = s. Let h = 469 + w. What are the prime factors of h?
3, 101
Let o be (4 - 1) + -7 + 8. Suppose -2*l - 3 = -6*l + 3*a, 4*l = -o*a + 24. Suppose u - 530 = -4*u - 5*b, 348 = 3*u - l*b. List the prime factors of u.
3, 37
Let o(y) = -y**3 - 2*y**2 - 2*y - 108. Let m = -108 + 108. Let f be o(m). List the prime factors of 51/17 + (2 - 1) - f.
2, 7
Suppose 0 = 3*o + 5*f - 60029, 3*o + 3*f = 58239 + 1776. List the prime factors of o.
2, 3, 11, 101
Let u = -829 + 768. Suppose -5*a + a + 5*x + 664 = 0, 4*a + x = 664. Let d = a + u. What are the prime factors of d?
3, 5, 7
Let a(z) = -12*z**2 - 4*z - 4. Let b be a(4). Let g be -4 + -6*b/8. Let t = g + -74. What are the prime factors of t?
3
Let h = 102 - 97. Let n(k) = 37*k + 15. Let s(r) = 75*r + 31. Let b(w) = h*n(w) - 2*s(w). What are the prime factors of b(1)?
2, 3
Let g(w) = 71*w + 30. Suppose 7 = y - 3*r, 2*r = -r. What are the prime factors of g(y)?
17, 31
Let i(z) = 2*z**2 + 97*z + 306. List the prime factors of i(-54).
2, 3, 5
Let j = 25 + -7. Suppose 5*k - 2*k = -3*g - j, 0 = 2*g - k. List the prime factors of (-5)/(-20)*-4 - 222/g.
2, 5, 11
Let p be (0 - 0)/(6 - 8). Let v be 2/(-2) + -372 + (p - 3). Let g = v + 549. List the prime factors of g.
173
Suppose q - 3780 = -11*i + 14*i, 0 = -5*q + 5*i + 18890. Suppose -5*t - r + q = -2*t, -4*t = -r - 5036. List the prime factors of t.
1259
Let l = 89 - 88. Let b be 2 - (0 + (l - 1)/(-2)). What are the prime factors of b*(-2 - (-4 + 0))?
2
Let n be (108/(-48))/(9/(-1056)). Let c = n + -239. What are the prime factors of c?
5
Suppose -4*u + 2*r = -10, u + 5*r = 5*u - 25. Let a(q) = 20*q + 1005. List the prime factors of a(u).
3, 5, 67
What are the prime factors of (9462/18 + -7 + -1)*12?
2, 1553
Suppose 82322 = 2*f + 4*v, 6*v = -3*f + 9*v + 123528. What are the prime factors of f?
13, 3167
Let z = 12693 + -698909. What are the prime factors of z/(-651) - 4/42?
2, 17, 31
Let b(o) = -32*o + 29. Let i be b(-7). Suppose -619 = -2*v + i. Let g = -288 + v. What are the prime factors of g?
2, 37
Suppose 0 = -12*f + 5*f + 196. Suppose 2*s = 5*b - 7 - 15, -s + f = 4*b. Suppose 0 = -b*w + 64 + 416. What are the prime factors of w?
2, 5
Let i(t) = -t**2 - 13*t + 2. Let w be i(2). Let q be 705/4 + 7/w. Suppose 5*g = 2*g + 5*p + 224, -2*g + q = 2*p. List the prime factors of g.
83
Let p(y) = -y**3 + 18*y**2 - 2*y + 35. Let u be p(18). List the prime factors of (-64 - u)*476/(-51).
2, 3, 7
Suppose -9*t = -219969 + 306. List the prime factors of t.
24407
Let f(m) = 2*m**3 - 3*m**2 + 5*m - 3. Let j be f(3). List the prime factors of (704/(-33))/((-2)/j).
2, 13
Let h = -99 + 103. Suppose -3*j + 5*a - 14 + 41 = 0, -h*j + 19 = -a. Suppose -j*u - 5*u = -441. What are the prime factors of u?
7
Let h(j) = j**2 - 23*j - 140. Let y be h(28). What are the prime factors of 93*((-6)/9 - (y + -4))?
2, 5, 31
Let m(i) = 5*i - 47. Let j be m(7). Let h(l) = -l**3 - 12*l**2 - 23*l - 2. Let r be h(j). Let u = r - 157. List the prime factors of u.
3, 13
What are the prime factors of 159735/55 - 30/110?
2, 3, 11
Let w be ((-3)/4)/((2 + -9)/336). Let p = 104 - w. List the prime factors of p.
2, 17
Let p(r) = -23*r**3 - 23*r**2 + 18*r + 160. List the prime factors of p(-10).
2, 5, 11, 47
Let r = -107 + 67. List the prime factors of 28*(-2768)/(-128)*r/(-14).
2, 5, 173
Suppose -245315 = -37*h + 224992. List the prime factors of (28/(-6))/((-38)/h).
7, 223
Let m(a) = -3*a**2 + 57*a + 74. Let i(r) = -2*r**2 + 38*r + 49. Let n = -38 - -33. Let c(q) = n*m(q) + 8*i(q). List the prime factors of c(15).
2, 41
Let x(t) = 9*t**3 + 4*t**2 - 4*t - 2. Let m be x(2). Suppose -70*h + m*h = 3912. What are the prime factors of h?
3, 163
Suppose 0 = 2*f - 5*n + 724, -5*f - 1768 = 19*n - 21*n. Let t = f - -580. List the prime factors of t.
2, 3, 19
Suppose -2*w = o - 16431, -4*w - 19*o + 32861 = -18*o. List the prime factors of w.
5, 31, 53
Let w(c) = 2*c**2 - 10*c - 38. Let r be w(7). Let g = 38 + r. What are the prime factors of g?
2, 7
Let j be 22/(-6)*(-4 + (-5 - -6)). Let b(k) be the third derivative of k**4/2 - 16*k**3/3 + 16*k**2. What are the prime factors of b(j)?
2, 5
Let u = 233 - 239. List the prime factors of (-3)/(-12) - u/24*3807.
2, 7, 17
Suppose -2*s + 172 = -0*s. Let z = 83 - s. List the prime factors of z + 6/(-6) + 1*99.
5, 19
Let s(d) = -d**3 + d**2 + d - 764. Let f be s(0). Let q = 1191 + f. List the prime factors of q.
7, 61
Let w(o) = 1312*o**2 - 2*o. Let n be w(1). Let s be (n/15)/(1/3). Suppose 4*h - s = 18. List the prime factors of h.
2, 5, 7
Let l = -22408 + 35024. What are the prime factors of l?
2, 19, 83
List the prime factors of (12256/24)/(10/105).
2, 7, 383
Suppose p - 614 = 130. Suppose -12*j + 1692 = -p. Suppose -4*f + j = -181. What are the prime factors of f?
2, 3
Let l = -296 + 570. Let u = 510 - l. What are the prime factors of u?
2, 59
Suppose w - 12885 = 6432. What are the prime factors of w?
3, 47, 137
Suppose -33284 = -8*y + y + 3*y. List the prime factors of y.
53, 157
Suppose 0*c + 29184 = 4*c. Suppose -5*y + c = 19*y. What are the prime factors of y?
2, 19
Suppose c + 18 - 5 = 0. List the prime factors of c/(-117)*9 + (-620)/(-2).
311
Let j(l) = -l**3 + 8*l**2 - 5*l - 46. Let d(b) = -b**3 + 9*b**2 - 6*b - 49. Let p(s) = -6*d(s) + 7*j(s). List the prime factors of p(-7).
2, 7, 29
Suppose -102 = -2*s + 4*w - w, -3*w = s - 33. Let m be (s/(-12))/(6/(-688)). List the prime factors of ((-9)/15)/(((-8)/4)/m).
3, 43
Let f(p) = 2*p - 15. Let l be f(8). Suppose l = 2*k - 1. List the prime factors of 6 - -20 - (k + -1).
2, 13
Let v(l) = -l**3 - 3*l**2 + 20*l - 26. List the prime factors of v(-14).
2, 5, 37
Let l be 796/(-3) + 5 + 34/(-6). Let d = -31 - l. What are the prime factors of d?
5, 47
Let u = 10094 + -3383. List the prime factors of u.
3, 2237
Let m(u) = 77*u**2 + 61*u - 64. What are the prime factors of m(13)?
2, 6871
Suppose -5*o + 12969 = 3*v, 260*o = -2*v + 262*o + 8662. List the prime factors of v.
2, 541
Let c = -567 - -593. Suppose c*m = 17*m + 3942. List the prime factors of m.
2, 3, 73
Let a = 43 + -41. Let o(w) = -13*w - 5 - w**3 + w**a - 4*w**2 + 14*w**2 + 4*w**2. What are the prime factors of o(14)?
3
Let b(y) = -2*y**3 - 2*y**2 - 8*y + 5. Let a(p) = p**3 - 9*p**2 - 12*p + 16. Let x be a(10). What are the prime factors of b(x)?
7, 19
Suppose g = 5*p + 34, -8*p - 52 = -3*g - 3*p. Let o be 75*(-1 - (-1